{"id":121,"date":"2018-08-22T11:11:36","date_gmt":"2018-08-22T16:11:36","guid":{"rendered":"https:\/\/coacep.com.co\/?page_id=121"},"modified":"2019-03-26T14:45:06","modified_gmt":"2019-03-26T19:45:06","slug":"plataforma-estrategica","status":"publish","type":"page","link":"https:\/\/coacep.com.co\/?page_id=121","title":{"rendered":"Plataforma Estrat\u00e9gica"},"content":{"rendered":"\t\t<div data-elementor-type=\"wp-page\" data-elementor-id=\"121\" class=\"elementor elementor-121 elementor-bc-flex-widget\" data-elementor-settings=\"[]\">\n\t\t\t\t\t\t\t<div class=\"elementor-section-wrap\">\n\t\t\t\t\t\t\t<section class=\"elementor-section elementor-top-section elementor-element elementor-element-aca7dff elementor-section-boxed elementor-section-height-default elementor-section-height-default\" data-id=\"aca7dff\" data-element_type=\"section\">\n\t\t\t\t\t\t<div class=\"elementor-container elementor-column-gap-default\">\n\t\t\t\t\t<div class=\"elementor-column elementor-col-50 elementor-top-column elementor-element elementor-element-d78ee50\" data-id=\"d78ee50\" data-element_type=\"column\">\n\t\t\t<div class=\"elementor-widget-wrap elementor-element-populated\">\n\t\t\t\t\t\t\t\t<div class=\"elementor-element elementor-element-ed4975a elementor-widget elementor-widget-image\" data-id=\"ed4975a\" data-element_type=\"widget\" data-widget_type=\"image.default\">\n\t\t\t\t<div class=\"elementor-widget-container\">\n\t\t\t<style>\/*! elementor - v3.5.4 - 23-01-2022 *\/\n.elementor-widget-image{text-align:center}.elementor-widget-image a{display:inline-block}.elementor-widget-image a img[src$=\".svg\"]{width:48px}.elementor-widget-image img{vertical-align:middle;display:inline-block}<\/style>\t\t\t\t\t\t\t\t\t\t\t\t<img width=\"287\" height=\"175\" src=\"https:\/\/coacep.com.co\/wp-content\/uploads\/2018\/08\/objeto-social.jpeg\" class=\"attachment-large size-large\" alt=\"\" loading=\"lazy\" \/>\t\t\t\t\t\t\t\t\t\t\t\t\t\t\t<\/div>\n\t\t\t\t<\/div>\n\t\t\t\t\t<\/div>\n\t\t<\/div>\n\t\t\t\t<div class=\"elementor-column elementor-col-50 elementor-top-column elementor-element elementor-element-81066e6\" data-id=\"81066e6\" data-element_type=\"column\">\n\t\t\t<div class=\"elementor-widget-wrap elementor-element-populated\">\n\t\t\t\t\t\t\t\t<div class=\"elementor-element elementor-element-bba0b25 elementor-widget elementor-widget-text-editor\" data-id=\"bba0b25\" data-element_type=\"widget\" data-widget_type=\"text-editor.default\">\n\t\t\t\t<div class=\"elementor-widget-container\">\n\t\t\t<style>\/*! elementor - v3.5.4 - 23-01-2022 *\/\n.elementor-widget-text-editor.elementor-drop-cap-view-stacked .elementor-drop-cap{background-color:#818a91;color:#fff}.elementor-widget-text-editor.elementor-drop-cap-view-framed .elementor-drop-cap{color:#818a91;border:3px solid;background-color:transparent}.elementor-widget-text-editor:not(.elementor-drop-cap-view-default) .elementor-drop-cap{margin-top:8px}.elementor-widget-text-editor:not(.elementor-drop-cap-view-default) .elementor-drop-cap-letter{width:1em;height:1em}.elementor-widget-text-editor .elementor-drop-cap{float:left;text-align:center;line-height:1;font-size:50px}.elementor-widget-text-editor .elementor-drop-cap-letter{display:inline-block}<\/style>\t\t\t\t<h2><strong>Objeto Social<\/strong><\/h2><p>COACEP LTDA, en desarrollo del acuerdo cooperativo tiene como finalidad contribuir al mejoramiento de todos sus asociados, fomentando el aporte y el otorgamiento de cr\u00e9ditos, la distribuci\u00f3n de fondos sin fines de lucro para la compra de bienes y servicios, la comercializadora al por mayor y menor de mercanc\u00edas varias no fabricadas por la empresa, comercio al por mayor y menor de veh\u00edculos, motocicletas y de sus partes piezas y accesorios, la prestaci\u00f3n de servicios varios; fortaleciendo la solidaridad y la ayuda mutua que busque el desarrollo integral de sus asociados y de la comunidad en general<\/p>\t\t\t\t\t\t<\/div>\n\t\t\t\t<\/div>\n\t\t\t\t\t<\/div>\n\t\t<\/div>\n\t\t\t\t\t\t\t<\/div>\n\t\t<\/section>\n\t\t\t\t<section class=\"elementor-section elementor-top-section elementor-element elementor-element-8b26ada elementor-section-boxed elementor-section-height-default elementor-section-height-default\" data-id=\"8b26ada\" data-element_type=\"section\">\n\t\t\t\t\t\t<div class=\"elementor-container elementor-column-gap-default\">\n\t\t\t\t\t<div class=\"elementor-column elementor-col-50 elementor-top-column elementor-element elementor-element-50b48b3\" data-id=\"50b48b3\" data-element_type=\"column\">\n\t\t\t<div class=\"elementor-widget-wrap elementor-element-populated\">\n\t\t\t\t\t\t\t\t<div class=\"elementor-element elementor-element-94cb372 elementor-widget elementor-widget-text-editor\" data-id=\"94cb372\" data-element_type=\"widget\" data-widget_type=\"text-editor.default\">\n\t\t\t\t<div class=\"elementor-widget-container\">\n\t\t\t\t\t\t\t<h2><strong>Misi\u00f3n<\/strong><\/h2><p>Nuestra misi\u00f3n es contribuir al mejoramiento de calidad de vida a nuestros asociados y de la comunidad, con el esfuerzo propio, ayuda mutua, solidaridad, responsabilidad social y una mentalidad empresarial con capacidad de responder eficazmente a la satisfacci\u00f3n de las necesidades comunes de su base social.<\/p>\t\t\t\t\t\t<\/div>\n\t\t\t\t<\/div>\n\t\t\t\t\t<\/div>\n\t\t<\/div>\n\t\t\t\t<div class=\"elementor-column elementor-col-50 elementor-top-column elementor-element elementor-element-8dc3733\" data-id=\"8dc3733\" data-element_type=\"column\">\n\t\t\t<div class=\"elementor-widget-wrap elementor-element-populated\">\n\t\t\t\t\t\t\t\t<div class=\"elementor-element elementor-element-7c1962a elementor-widget elementor-widget-image\" data-id=\"7c1962a\" data-element_type=\"widget\" data-widget_type=\"image.default\">\n\t\t\t\t<div class=\"elementor-widget-container\">\n\t\t\t\t\t\t\t\t\t\t\t\t\t\t\t<img width=\"211\" height=\"311\" src=\"https:\/\/coacep.com.co\/wp-content\/uploads\/2018\/08\/mision.jpg\" class=\"attachment-large size-large\" alt=\"\" loading=\"lazy\" srcset=\"https:\/\/coacep.com.co\/wp-content\/uploads\/2018\/08\/mision.jpg 211w, https:\/\/coacep.com.co\/wp-content\/uploads\/2018\/08\/mision-204x300.jpg 204w\" sizes=\"(max-width: 211px) 100vw, 211px\" \/>\t\t\t\t\t\t\t\t\t\t\t\t\t\t\t<\/div>\n\t\t\t\t<\/div>\n\t\t\t\t\t<\/div>\n\t\t<\/div>\n\t\t\t\t\t\t\t<\/div>\n\t\t<\/section>\n\t\t\t\t<section class=\"elementor-section elementor-top-section elementor-element elementor-element-c3b36ef elementor-section-boxed elementor-section-height-default elementor-section-height-default\" data-id=\"c3b36ef\" data-element_type=\"section\">\n\t\t\t\t\t\t<div class=\"elementor-container elementor-column-gap-default\">\n\t\t\t\t\t<div class=\"elementor-column elementor-col-50 elementor-top-column elementor-element elementor-element-050b5af\" data-id=\"050b5af\" data-element_type=\"column\">\n\t\t\t<div class=\"elementor-widget-wrap elementor-element-populated\">\n\t\t\t\t\t\t\t\t<div class=\"elementor-element elementor-element-e57d6ec elementor-widget elementor-widget-image\" data-id=\"e57d6ec\" data-element_type=\"widget\" data-widget_type=\"image.default\">\n\t\t\t\t<div class=\"elementor-widget-container\">\n\t\t\t\t\t\t\t\t\t\t\t\t\t\t\t<img width=\"236\" height=\"307\" src=\"https:\/\/coacep.com.co\/wp-content\/uploads\/2018\/08\/vision.jpg\" class=\"attachment-large size-large\" alt=\"\" loading=\"lazy\" srcset=\"https:\/\/coacep.com.co\/wp-content\/uploads\/2018\/08\/vision.jpg 236w, https:\/\/coacep.com.co\/wp-content\/uploads\/2018\/08\/vision-231x300.jpg 231w\" sizes=\"(max-width: 236px) 100vw, 236px\" \/>\t\t\t\t\t\t\t\t\t\t\t\t\t\t\t<\/div>\n\t\t\t\t<\/div>\n\t\t\t\t\t<\/div>\n\t\t<\/div>\n\t\t\t\t<div class=\"elementor-column elementor-col-50 elementor-top-column elementor-element elementor-element-85c1554\" data-id=\"85c1554\" data-element_type=\"column\">\n\t\t\t<div class=\"elementor-widget-wrap elementor-element-populated\">\n\t\t\t\t\t\t\t\t<div class=\"elementor-element elementor-element-4e04b0b elementor-widget elementor-widget-text-editor\" data-id=\"4e04b0b\" data-element_type=\"widget\" data-widget_type=\"text-editor.default\">\n\t\t\t\t<div class=\"elementor-widget-container\">\n\t\t\t\t\t\t\t<h2><strong>Visi\u00f3n<\/strong><\/h2><p>Contribuir al mejoramiento econ\u00f3mico, social y cultural de los asociados y sus familias, creando mejorando y fortaleciendo su econom\u00eda personal y familiar, propiciando oportunidades de desarrollo de su personalidad y en general su participaci\u00f3n y expresi\u00f3n social.<\/p>\t\t\t\t\t\t<\/div>\n\t\t\t\t<\/div>\n\t\t\t\t\t<\/div>\n\t\t<\/div>\n\t\t\t\t\t\t\t<\/div>\n\t\t<\/section>\n\t\t\t\t\t\t<\/div>\n\t\t\t\t\t<\/div>\n\t\t","protected":false},"excerpt":{"rendered":"<p>Objeto Social COACEP LTDA, en desarrollo del acuerdo cooperativo tiene como finalidad contribuir al mejoramiento de todos sus asociados, fomentando el aporte y el otorgamiento de cr\u00e9ditos, la distribuci\u00f3n de fondos sin fines de lucro para la compra de bienes y servicios, la comercializadora al por mayor y menor de mercanc\u00edas varias no fabricadas por &#8230; <a title=\"Plataforma Estrat\u00e9gica\" class=\"read-more\" href=\"https:\/\/coacep.com.co\/?page_id=121\" aria-label=\"Leer m\u00e1s sobre Plataforma Estrat\u00e9gica\">Leer m\u00e1s<\/a><\/p>\n","protected":false},"author":1,"featured_media":0,"parent":56,"menu_order":0,"comment_status":"closed","ping_status":"closed","template":"","meta":[],"_links":{"self":[{"href":"https:\/\/coacep.com.co\/index.php?rest_route=\/wp\/v2\/pages\/121"}],"collection":[{"href":"https:\/\/coacep.com.co\/index.php?rest_route=\/wp\/v2\/pages"}],"about":[{"href":"https:\/\/coacep.com.co\/index.php?rest_route=\/wp\/v2\/types\/page"}],"author":[{"embeddable":true,"href":"https:\/\/coacep.com.co\/index.php?rest_route=\/wp\/v2\/users\/1"}],"replies":[{"embeddable":true,"href":"https:\/\/coacep.com.co\/index.php?rest_route=%2Fwp%2Fv2%2Fcomments&post=121"}],"version-history":[{"count":3,"href":"https:\/\/coacep.com.co\/index.php?rest_route=\/wp\/v2\/pages\/121\/revisions"}],"predecessor-version":[{"id":336,"href":"https:\/\/coacep.com.co\/index.php?rest_route=\/wp\/v2\/pages\/121\/revisions\/336"}],"up":[{"embeddable":true,"href":"https:\/\/coacep.com.co\/index.php?rest_route=\/wp\/v2\/pages\/56"}],"wp:attachment":[{"href":"https:\/\/coacep.com.co\/index.php?rest_route=%2Fwp%2Fv2%2Fmedia&parent=121"}],"curies":[{"name":"wp","href":"https:\/\/api.w.org\/{rel}","templated":true}]}}