{"id":156,"date":"2018-08-22T21:38:12","date_gmt":"2018-08-23T02:38:12","guid":{"rendered":"https:\/\/coacep.com.co\/?page_id=156"},"modified":"2021-11-10T00:16:26","modified_gmt":"2021-11-10T05:16:26","slug":"oficinas","status":"publish","type":"page","link":"https:\/\/coacep.com.co\/?page_id=156","title":{"rendered":"Oficinas"},"content":{"rendered":"\t\t<div data-elementor-type=\"wp-post\" data-elementor-id=\"156\" class=\"elementor elementor-156 elementor-bc-flex-widget\" data-elementor-settings=\"[]\">\n\t\t\t\t\t\t\t<div class=\"elementor-section-wrap\">\n\t\t\t\t\t\t\t<section class=\"elementor-section elementor-top-section elementor-element elementor-element-7740909 elementor-section-boxed elementor-section-height-default elementor-section-height-default\" data-id=\"7740909\" data-element_type=\"section\">\n\t\t\t\t\t\t<div class=\"elementor-container elementor-column-gap-default\">\n\t\t\t\t\t<div class=\"elementor-column elementor-col-100 elementor-top-column elementor-element elementor-element-10b7e2f\" data-id=\"10b7e2f\" data-element_type=\"column\">\n\t\t\t<div class=\"elementor-widget-wrap elementor-element-populated\">\n\t\t\t\t\t\t\t\t<section class=\"elementor-section elementor-inner-section elementor-element elementor-element-160a8e0 elementor-section-boxed elementor-section-height-default elementor-section-height-default\" data-id=\"160a8e0\" data-element_type=\"section\">\n\t\t\t\t\t\t<div class=\"elementor-container elementor-column-gap-default\">\n\t\t\t\t\t<div class=\"elementor-column elementor-col-50 elementor-inner-column elementor-element elementor-element-72248d8\" data-id=\"72248d8\" data-element_type=\"column\">\n\t\t\t<div class=\"elementor-widget-wrap elementor-element-populated\">\n\t\t\t\t\t\t\t\t<div class=\"elementor-element elementor-element-4d37442 elementor-widget elementor-widget-image\" data-id=\"4d37442\" data-element_type=\"widget\" data-widget_type=\"image.default\">\n\t\t\t\t<div class=\"elementor-widget-container\">\n\t\t\t<style>\/*! elementor - v3.5.4 - 23-01-2022 *\/\n.elementor-widget-image{text-align:center}.elementor-widget-image a{display:inline-block}.elementor-widget-image a img[src$=\".svg\"]{width:48px}.elementor-widget-image img{vertical-align:middle;display:inline-block}<\/style>\t\t\t\t\t\t\t\t\t\t\t\t<img width=\"767\" height=\"1024\" src=\"https:\/\/coacep.com.co\/wp-content\/uploads\/2018\/12\/fachada-2018-2-767x1024.jpg\" class=\"attachment-large size-large\" alt=\"\" loading=\"lazy\" srcset=\"https:\/\/coacep.com.co\/wp-content\/uploads\/2018\/12\/fachada-2018-2-767x1024.jpg 767w, https:\/\/coacep.com.co\/wp-content\/uploads\/2018\/12\/fachada-2018-2-600x801.jpg 600w, https:\/\/coacep.com.co\/wp-content\/uploads\/2018\/12\/fachada-2018-2-225x300.jpg 225w, https:\/\/coacep.com.co\/wp-content\/uploads\/2018\/12\/fachada-2018-2-768x1025.jpg 768w, https:\/\/coacep.com.co\/wp-content\/uploads\/2018\/12\/fachada-2018-2.jpg 959w\" sizes=\"(max-width: 767px) 100vw, 767px\" \/>\t\t\t\t\t\t\t\t\t\t\t\t\t\t\t<\/div>\n\t\t\t\t<\/div>\n\t\t\t\t\t<\/div>\n\t\t<\/div>\n\t\t\t\t<div class=\"elementor-column elementor-col-50 elementor-inner-column elementor-element elementor-element-339b14a\" data-id=\"339b14a\" data-element_type=\"column\">\n\t\t\t<div class=\"elementor-widget-wrap elementor-element-populated\">\n\t\t\t\t\t\t\t\t<div class=\"elementor-element elementor-element-0c99bc1 elementor-widget elementor-widget-heading\" data-id=\"0c99bc1\" data-element_type=\"widget\" data-widget_type=\"heading.default\">\n\t\t\t\t<div class=\"elementor-widget-container\">\n\t\t\t<style>\/*! elementor - v3.5.4 - 23-01-2022 *\/\n.elementor-heading-title{padding:0;margin:0;line-height:1}.elementor-widget-heading .elementor-heading-title[class*=elementor-size-]>a{color:inherit;font-size:inherit;line-height:inherit}.elementor-widget-heading .elementor-heading-title.elementor-size-small{font-size:15px}.elementor-widget-heading .elementor-heading-title.elementor-size-medium{font-size:19px}.elementor-widget-heading .elementor-heading-title.elementor-size-large{font-size:29px}.elementor-widget-heading .elementor-heading-title.elementor-size-xl{font-size:39px}.elementor-widget-heading .elementor-heading-title.elementor-size-xxl{font-size:59px}<\/style><h2 class=\"elementor-heading-title elementor-size-default\">Oficina Principal\u00a0: Mocoa<\/h2>\t\t<\/div>\n\t\t\t\t<\/div>\n\t\t\t\t<div class=\"elementor-element elementor-element-47118d6 elementor-widget elementor-widget-text-editor\" data-id=\"47118d6\" data-element_type=\"widget\" data-widget_type=\"text-editor.default\">\n\t\t\t\t<div class=\"elementor-widget-container\">\n\t\t\t<style>\/*! elementor - v3.5.4 - 23-01-2022 *\/\n.elementor-widget-text-editor.elementor-drop-cap-view-stacked .elementor-drop-cap{background-color:#818a91;color:#fff}.elementor-widget-text-editor.elementor-drop-cap-view-framed .elementor-drop-cap{color:#818a91;border:3px solid;background-color:transparent}.elementor-widget-text-editor:not(.elementor-drop-cap-view-default) .elementor-drop-cap{margin-top:8px}.elementor-widget-text-editor:not(.elementor-drop-cap-view-default) .elementor-drop-cap-letter{width:1em;height:1em}.elementor-widget-text-editor .elementor-drop-cap{float:left;text-align:center;line-height:1;font-size:50px}.elementor-widget-text-editor .elementor-drop-cap-letter{display:inline-block}<\/style>\t\t\t\t<p>Calle 7 # 4 \u2013 13, Barrio Jos\u00e9 Mar\u00eda Hern\u00e1ndez.<br \/>Mocoa Putumayo. Colombia<br \/>Correo : secretaria@coacep.com.co<\/p>\t\t\t\t\t\t<\/div>\n\t\t\t\t<\/div>\n\t\t\t\t<div class=\"elementor-element elementor-element-7ad63a6 elementor-widget elementor-widget-html\" data-id=\"7ad63a6\" data-element_type=\"widget\" data-widget_type=\"html.default\">\n\t\t\t\t<div class=\"elementor-widget-container\">\n\t\t\t<iframe loading=\"lazy\" src=\"https:\/\/www.google.com\/maps\/embed?pb=!1m18!1m12!1m3!1d3989.0212854764786!2d-76.64860178585148!3d1.145267562519089!2m3!1f0!2f0!3f0!3m2!1i1024!2i768!4f13.1!3m3!1m2!1s0x8e28b3da3a566211%3A0x26390a18af4ca559!2sCoacep+-+Cooperativa+del+Educador+Putumayense!5e0!3m2!1ses-419!2sco!4v1532280854878\" width=\"1200\" height=\"250\" frameborder=\"0\" style=\"border:0\" allowfullscreen><\/iframe>\t\t<\/div>\n\t\t\t\t<\/div>\n\t\t\t\t\t<\/div>\n\t\t<\/div>\n\t\t\t\t\t\t\t<\/div>\n\t\t<\/section>\n\t\t\t\t\t<\/div>\n\t\t<\/div>\n\t\t\t\t\t\t\t<\/div>\n\t\t<\/section>\n\t\t\t\t<section class=\"elementor-section elementor-top-section elementor-element elementor-element-ea7bd61 elementor-section-boxed elementor-section-height-default elementor-section-height-default\" data-id=\"ea7bd61\" data-element_type=\"section\">\n\t\t\t\t\t\t<div class=\"elementor-container elementor-column-gap-default\">\n\t\t\t\t\t<div class=\"elementor-column elementor-col-100 elementor-top-column elementor-element elementor-element-72f2d3b\" data-id=\"72f2d3b\" data-element_type=\"column\">\n\t\t\t<div class=\"elementor-widget-wrap elementor-element-populated\">\n\t\t\t\t\t\t\t\t<div class=\"elementor-element elementor-element-5536df5 elementor-tabs-view-horizontal elementor-widget elementor-widget-tabs\" data-id=\"5536df5\" data-element_type=\"widget\" data-widget_type=\"tabs.default\">\n\t\t\t\t<div class=\"elementor-widget-container\">\n\t\t\t<style>\/*! elementor - v3.5.4 - 23-01-2022 *\/\n.elementor-widget-tabs.elementor-tabs-view-vertical .elementor-tabs-wrapper{width:25%;-ms-flex-negative:0;flex-shrink:0}.elementor-widget-tabs.elementor-tabs-view-vertical .elementor-tab-desktop-title.elementor-active{border-right-style:none}.elementor-widget-tabs.elementor-tabs-view-vertical .elementor-tab-desktop-title.elementor-active:after,.elementor-widget-tabs.elementor-tabs-view-vertical .elementor-tab-desktop-title.elementor-active:before{height:999em;width:0;right:0;border-right-style:solid}.elementor-widget-tabs.elementor-tabs-view-vertical .elementor-tab-desktop-title.elementor-active:before{top:0;-webkit-transform:translateY(-100%);-ms-transform:translateY(-100%);transform:translateY(-100%)}.elementor-widget-tabs.elementor-tabs-view-vertical .elementor-tab-desktop-title.elementor-active:after{top:100%}.elementor-widget-tabs.elementor-tabs-view-horizontal .elementor-tab-desktop-title{display:table-cell}.elementor-widget-tabs.elementor-tabs-view-horizontal .elementor-tab-desktop-title.elementor-active{border-bottom-style:none}.elementor-widget-tabs.elementor-tabs-view-horizontal .elementor-tab-desktop-title.elementor-active:after,.elementor-widget-tabs.elementor-tabs-view-horizontal .elementor-tab-desktop-title.elementor-active:before{bottom:0;height:0;width:999em;border-bottom-style:solid}.elementor-widget-tabs.elementor-tabs-view-horizontal .elementor-tab-desktop-title.elementor-active:before{right:100%}.elementor-widget-tabs.elementor-tabs-view-horizontal .elementor-tab-desktop-title.elementor-active:after{left:100%}.elementor-widget-tabs .elementor-tab-content,.elementor-widget-tabs .elementor-tab-title,.elementor-widget-tabs .elementor-tab-title:after,.elementor-widget-tabs .elementor-tab-title:before,.elementor-widget-tabs .elementor-tabs-content-wrapper{border:1px #d4d4d4}.elementor-widget-tabs .elementor-tabs{text-align:left}.elementor-widget-tabs .elementor-tabs-wrapper{overflow:hidden}.elementor-widget-tabs .elementor-tab-title{cursor:pointer;outline:var(--focus-outline,none)}.elementor-widget-tabs .elementor-tab-desktop-title{position:relative;padding:20px 25px;font-weight:700;line-height:1;border:solid transparent}.elementor-widget-tabs .elementor-tab-desktop-title.elementor-active{border-color:#d4d4d4}.elementor-widget-tabs .elementor-tab-desktop-title.elementor-active:after,.elementor-widget-tabs .elementor-tab-desktop-title.elementor-active:before{display:block;content:\"\";position:absolute}.elementor-widget-tabs .elementor-tab-mobile-title{padding:10px;cursor:pointer}.elementor-widget-tabs .elementor-tab-content{padding:20px;display:none}@media (max-width:767px){.elementor-tabs .elementor-tab-content,.elementor-tabs .elementor-tab-title{border-style:solid solid none}.elementor-tabs .elementor-tabs-wrapper{display:none}.elementor-tabs .elementor-tabs-content-wrapper{border-bottom-style:solid}.elementor-tabs .elementor-tab-content{padding:10px}}@media (min-width:768px){.elementor-widget-tabs.elementor-tabs-view-vertical .elementor-tabs{display:-webkit-box;display:-ms-flexbox;display:flex}.elementor-widget-tabs.elementor-tabs-view-vertical .elementor-tabs-wrapper{-webkit-box-orient:vertical;-webkit-box-direction:normal;-ms-flex-direction:column;flex-direction:column}.elementor-widget-tabs.elementor-tabs-view-vertical .elementor-tabs-content-wrapper{-webkit-box-flex:1;-ms-flex-positive:1;flex-grow:1;border-style:solid solid solid none}.elementor-widget-tabs.elementor-tabs-view-horizontal .elementor-tab-content{border-style:none solid solid}.elementor-widget-tabs.elementor-tabs-alignment-center .elementor-tabs-wrapper,.elementor-widget-tabs.elementor-tabs-alignment-end .elementor-tabs-wrapper,.elementor-widget-tabs.elementor-tabs-alignment-stretch .elementor-tabs-wrapper{display:-webkit-box;display:-ms-flexbox;display:flex}.elementor-widget-tabs.elementor-tabs-alignment-center .elementor-tabs-wrapper{-webkit-box-pack:center;-ms-flex-pack:center;justify-content:center}.elementor-widget-tabs.elementor-tabs-alignment-end .elementor-tabs-wrapper{-webkit-box-pack:end;-ms-flex-pack:end;justify-content:flex-end}.elementor-widget-tabs.elementor-tabs-alignment-stretch.elementor-tabs-view-horizontal .elementor-tab-title{width:100%}.elementor-widget-tabs.elementor-tabs-alignment-stretch.elementor-tabs-view-vertical .elementor-tab-title{height:100%}.elementor-tabs .elementor-tab-mobile-title{display:none}}<\/style>\t\t<div class=\"elementor-tabs\">\n\t\t\t<div class=\"elementor-tabs-wrapper\" role=\"tablist\" >\n\t\t\t\t\t\t\t\t\t<div id=\"elementor-tab-title-8931\" class=\"elementor-tab-title elementor-tab-desktop-title\" aria-selected=\"true\" data-tab=\"1\" role=\"tab\" tabindex=\"0\" aria-controls=\"elementor-tab-content-8931\" aria-expanded=\"false\">Puerto As\u00eds<\/div>\n\t\t\t\t\t\t\t\t\t<div id=\"elementor-tab-title-8932\" class=\"elementor-tab-title elementor-tab-desktop-title\" aria-selected=\"false\" data-tab=\"2\" role=\"tab\" tabindex=\"-1\" aria-controls=\"elementor-tab-content-8932\" aria-expanded=\"false\">La Hormiga<\/div>\n\t\t\t\t\t\t\t\t\t<div id=\"elementor-tab-title-8933\" class=\"elementor-tab-title elementor-tab-desktop-title\" aria-selected=\"false\" data-tab=\"3\" role=\"tab\" tabindex=\"-1\" aria-controls=\"elementor-tab-content-8933\" aria-expanded=\"false\">Puerto Guzman<\/div>\n\t\t\t\t\t\t\t\t\t<div id=\"elementor-tab-title-8934\" class=\"elementor-tab-title elementor-tab-desktop-title\" aria-selected=\"false\" data-tab=\"4\" role=\"tab\" tabindex=\"-1\" aria-controls=\"elementor-tab-content-8934\" aria-expanded=\"false\">Sibundoy<\/div>\n\t\t\t\t\t\t\t\t\t<div id=\"elementor-tab-title-8935\" class=\"elementor-tab-title elementor-tab-desktop-title\" aria-selected=\"false\" data-tab=\"5\" role=\"tab\" tabindex=\"-1\" aria-controls=\"elementor-tab-content-8935\" aria-expanded=\"false\">Orito<\/div>\n\t\t\t\t\t\t\t<\/div>\n\t\t\t<div class=\"elementor-tabs-content-wrapper\" role=\"tablist\" aria-orientation=\"vertical\">\n\t\t\t\t\t\t\t\t\t<div class=\"elementor-tab-title elementor-tab-mobile-title\" aria-selected=\"true\" data-tab=\"1\" role=\"tab\" tabindex=\"0\" aria-controls=\"elementor-tab-content-8931\" aria-expanded=\"false\">Puerto As\u00eds<\/div>\n\t\t\t\t\t<div id=\"elementor-tab-content-8931\" class=\"elementor-tab-content elementor-clearfix\" data-tab=\"1\" role=\"tabpanel\" aria-labelledby=\"elementor-tab-title-8931\" tabindex=\"0\" hidden=\"false\"><p><div class=\"su-row\"><div class=\"su-column su-column-size-1-2\"><div class=\"su-column-inner su-u-clearfix su-u-trim\"><img loading=\"lazy\" class=\"aligncenter wp-image-161 size-full\" src=\"https:\/\/coacep.com.co\/wp-content\/uploads\/2018\/08\/Puerto-Asis.jpeg\" alt=\"\" width=\"640\" height=\"440\" srcset=\"https:\/\/coacep.com.co\/wp-content\/uploads\/2018\/08\/Puerto-Asis.jpeg 640w, https:\/\/coacep.com.co\/wp-content\/uploads\/2018\/08\/Puerto-Asis-600x413.jpeg 600w, https:\/\/coacep.com.co\/wp-content\/uploads\/2018\/08\/Puerto-Asis-300x206.jpeg 300w\" sizes=\"(max-width: 640px) 100vw, 640px\" \/><\/p><p><\/div><\/div><\/p><p><div class=\"su-column su-column-size-1-2\"><div class=\"su-column-inner su-u-clearfix su-u-trim\"><strong>Puerto As\u00eds<\/strong><\/p><ul><li>Carrera 19 # 11 \u2013 45. B. Las Am\u00e9ricas<\/li><li>Tel : +57 8 422 8968<\/li><\/ul><p><iframe loading=\"lazy\" style=\"border: 0;\" src=\"https:\/\/www.google.com\/maps\/embed?pb=!1m18!1m12!1m3!1d3989.668216095678!2d-76.50574778524661!3d0.49700289963740185!2m3!1f0!2f0!3f0!3m2!1i1024!2i768!4f13.1!3m3!1m2!1s0x8e2879a58990a6a1%3A0xe30e8d209168267!2sCoacep+-+Puerto+As%C3%ADs!5e0!3m2!1ses-419!2sco!4v1534994224571\" width=\"400\" height=\"300\" frameborder=\"0\" allowfullscreen=\"allowfullscreen\"><\/iframe><\/div><\/div><\/div><\/p><\/div>\n\t\t\t\t\t\t\t\t\t<div class=\"elementor-tab-title elementor-tab-mobile-title\" aria-selected=\"false\" data-tab=\"2\" role=\"tab\" tabindex=\"-1\" aria-controls=\"elementor-tab-content-8932\" aria-expanded=\"false\">La Hormiga<\/div>\n\t\t\t\t\t<div id=\"elementor-tab-content-8932\" class=\"elementor-tab-content elementor-clearfix\" data-tab=\"2\" role=\"tabpanel\" aria-labelledby=\"elementor-tab-title-8932\" tabindex=\"0\" hidden=\"hidden\"><p><div class=\"su-row\"><div class=\"su-column su-column-size-1-2\"><div class=\"su-column-inner su-u-clearfix su-u-trim\"><img loading=\"lazy\" class=\"alignright wp-image-159 size-full\" src=\"https:\/\/coacep.com.co\/wp-content\/uploads\/2018\/08\/La-Hormiga.jpeg\" alt=\"\" width=\"640\" height=\"440\" srcset=\"https:\/\/coacep.com.co\/wp-content\/uploads\/2018\/08\/La-Hormiga.jpeg 640w, https:\/\/coacep.com.co\/wp-content\/uploads\/2018\/08\/La-Hormiga-600x413.jpeg 600w, https:\/\/coacep.com.co\/wp-content\/uploads\/2018\/08\/La-Hormiga-300x206.jpeg 300w\" sizes=\"(max-width: 640px) 100vw, 640px\" \/><\/p><p><\/div><\/div><\/p><p><div class=\"su-column su-column-size-1-2\"><div class=\"su-column-inner su-u-clearfix su-u-trim\"><strong>La Hormiga<\/strong><\/p><ul><li>Calle 7 No. 6 \u2013 69, B. Los Pinos<\/li><li>Tel : +57 8 428 3405<\/li><\/ul><p><iframe loading=\"lazy\" style=\"border: 0;\" src=\"https:\/\/www.google.com\/maps\/embed?pb=!1m18!1m12!1m3!1d3989.708709973859!2d-76.90716218524665!3d0.42470549969014465!2m3!1f0!2f0!3f0!3m2!1i1024!2i768!4f13.1!3m3!1m2!1s0x8e28431ad808b495%3A0xfc8829a7e0654911!2sCoacep+-+La+Hormiga!5e0!3m2!1ses-419!2sco!4v1534994732013\" width=\"400\" height=\"300\" frameborder=\"0\" allowfullscreen=\"allowfullscreen\"><\/iframe><\/div><\/div><\/div><\/p><\/div>\n\t\t\t\t\t\t\t\t\t<div class=\"elementor-tab-title elementor-tab-mobile-title\" aria-selected=\"false\" data-tab=\"3\" role=\"tab\" tabindex=\"-1\" aria-controls=\"elementor-tab-content-8933\" aria-expanded=\"false\">Puerto Guzman<\/div>\n\t\t\t\t\t<div id=\"elementor-tab-content-8933\" class=\"elementor-tab-content elementor-clearfix\" data-tab=\"3\" role=\"tabpanel\" aria-labelledby=\"elementor-tab-title-8933\" tabindex=\"0\" hidden=\"hidden\"><p><img loading=\"lazy\" class=\"size-medium wp-image-1480 aligncenter\" src=\"https:\/\/coacep.com.co\/wp-content\/uploads\/2021\/11\/WhatsApp-Image-2021-11-10-at-12.11.41-AM-300x300.jpeg\" alt=\"\" width=\"300\" height=\"300\" srcset=\"https:\/\/coacep.com.co\/wp-content\/uploads\/2021\/11\/WhatsApp-Image-2021-11-10-at-12.11.41-AM-300x300.jpeg 300w, https:\/\/coacep.com.co\/wp-content\/uploads\/2021\/11\/WhatsApp-Image-2021-11-10-at-12.11.41-AM-100x100.jpeg 100w, https:\/\/coacep.com.co\/wp-content\/uploads\/2021\/11\/WhatsApp-Image-2021-11-10-at-12.11.41-AM-600x600.jpeg 600w, https:\/\/coacep.com.co\/wp-content\/uploads\/2021\/11\/WhatsApp-Image-2021-11-10-at-12.11.41-AM-150x150.jpeg 150w, https:\/\/coacep.com.co\/wp-content\/uploads\/2021\/11\/WhatsApp-Image-2021-11-10-at-12.11.41-AM-768x768.jpeg 768w, https:\/\/coacep.com.co\/wp-content\/uploads\/2021\/11\/WhatsApp-Image-2021-11-10-at-12.11.41-AM-1024x1024.jpeg 1024w, https:\/\/coacep.com.co\/wp-content\/uploads\/2021\/11\/WhatsApp-Image-2021-11-10-at-12.11.41-AM.jpeg 1080w\" sizes=\"(max-width: 300px) 100vw, 300px\" \/><div class=\"su-row\"><div class=\"su-column su-column-size-1-2\"><div class=\"su-column-inner su-u-clearfix su-u-trim\"><\/p><p><\/div><\/div><\/p><p><div class=\"su-column su-column-size-1-2\"><div class=\"su-column-inner su-u-clearfix su-u-trim\"><b>Puerto Guzman<\/b><\/p><p><\/div><\/div><\/div>P<\/p><\/div>\n\t\t\t\t\t\t\t\t\t<div class=\"elementor-tab-title elementor-tab-mobile-title\" aria-selected=\"false\" data-tab=\"4\" role=\"tab\" tabindex=\"-1\" aria-controls=\"elementor-tab-content-8934\" aria-expanded=\"false\">Sibundoy<\/div>\n\t\t\t\t\t<div id=\"elementor-tab-content-8934\" class=\"elementor-tab-content elementor-clearfix\" data-tab=\"4\" role=\"tabpanel\" aria-labelledby=\"elementor-tab-title-8934\" tabindex=\"0\" hidden=\"hidden\"><p><div class=\"su-row\"><div class=\"su-column su-column-size-1-2\"><div class=\"su-column-inner su-u-clearfix su-u-trim\"><img loading=\"lazy\" class=\"alignright wp-image-162 size-full\" src=\"https:\/\/coacep.com.co\/wp-content\/uploads\/2018\/08\/sibundoy.jpeg\" alt=\"\" width=\"640\" height=\"440\" srcset=\"https:\/\/coacep.com.co\/wp-content\/uploads\/2018\/08\/sibundoy.jpeg 640w, https:\/\/coacep.com.co\/wp-content\/uploads\/2018\/08\/sibundoy-600x413.jpeg 600w, https:\/\/coacep.com.co\/wp-content\/uploads\/2018\/08\/sibundoy-300x206.jpeg 300w\" sizes=\"(max-width: 640px) 100vw, 640px\" \/><\/p><p><\/div><\/div><\/p><p><div class=\"su-column su-column-size-1-2\"><div class=\"su-column-inner su-u-clearfix su-u-trim\"><strong>Sibundoy<\/strong><\/p><ul><li>Cra 18 # 16-91 B. Castelvi<\/li><li>Tel : +57 310 334 4146<\/li><\/ul><p><iframe loading=\"lazy\" style=\"border: 0;\" src=\"https:\/\/www.google.com\/maps\/embed?pb=!1m18!1m12!1m3!1d3988.935651013105!2d-76.92125018524615!3d1.2052248991209162!2m3!1f0!2f0!3f0!3m2!1i1024!2i768!4f13.1!3m3!1m2!1s0x8e2f3356a7c006a9%3A0x95895aabd5f79518!2sCoacep+-+Sibundoy!5e0!3m2!1ses-419!2sco!4v1534996213897\" width=\"400\" height=\"300\" frameborder=\"0\" allowfullscreen=\"allowfullscreen\"><\/iframe><\/div><\/div><\/div><\/p><\/div>\n\t\t\t\t\t\t\t\t\t<div class=\"elementor-tab-title elementor-tab-mobile-title\" aria-selected=\"false\" data-tab=\"5\" role=\"tab\" tabindex=\"-1\" aria-controls=\"elementor-tab-content-8935\" aria-expanded=\"false\">Orito<\/div>\n\t\t\t\t\t<div id=\"elementor-tab-content-8935\" class=\"elementor-tab-content elementor-clearfix\" data-tab=\"5\" role=\"tabpanel\" aria-labelledby=\"elementor-tab-title-8935\" tabindex=\"0\" hidden=\"hidden\"><p><img loading=\"lazy\" class=\"alignnone size-medium wp-image-1451\" src=\"https:\/\/coacep.com.co\/wp-content\/uploads\/2021\/10\/WhatsApp-Image-2021-10-06-at-3.09.46-PM-296x300.jpeg\" alt=\"\" width=\"296\" height=\"300\" srcset=\"https:\/\/coacep.com.co\/wp-content\/uploads\/2021\/10\/WhatsApp-Image-2021-10-06-at-3.09.46-PM-296x300.jpeg 296w, https:\/\/coacep.com.co\/wp-content\/uploads\/2021\/10\/WhatsApp-Image-2021-10-06-at-3.09.46-PM-100x100.jpeg 100w, https:\/\/coacep.com.co\/wp-content\/uploads\/2021\/10\/WhatsApp-Image-2021-10-06-at-3.09.46-PM-600x608.jpeg 600w, https:\/\/coacep.com.co\/wp-content\/uploads\/2021\/10\/WhatsApp-Image-2021-10-06-at-3.09.46-PM-768x778.jpeg 768w, https:\/\/coacep.com.co\/wp-content\/uploads\/2021\/10\/WhatsApp-Image-2021-10-06-at-3.09.46-PM-1011x1024.jpeg 1011w, https:\/\/coacep.com.co\/wp-content\/uploads\/2021\/10\/WhatsApp-Image-2021-10-06-at-3.09.46-PM.jpeg 1075w\" sizes=\"(max-width: 296px) 100vw, 296px\" \/><div class=\"su-row\"><div class=\"su-column su-column-size-1-2\"><div class=\"su-column-inner su-u-clearfix su-u-trim\"><\/p><p><\/div><\/div><\/p><p><div class=\"su-column su-column-size-1-2\"><div class=\"su-column-inner su-u-clearfix su-u-trim\"><\/p><p><strong>COACEP ORITO &#8211; FRENTE AL BIENESTAR FAMILIAR\u00a0<\/strong><\/p><ul><li>Calle 4 # 10-17, B. La Uni\u00f3n<\/li><li>Tel : +57 8 428 3405 &#8211; 310 334 4146<\/li><\/ul><p><iframe loading=\"lazy\" style=\"border: 0;\" src=\"https:\/\/www.google.com\/maps\/embed?pb=!1m18!1m12!1m3!1d3989.708709973859!2d-76.90716218524665!3d0.42470549969014465!2m3!1f0!2f0!3f0!3m2!1i1024!2i768!4f13.1!3m3!1m2!1s0x8e28431ad808b495%3A0xfc8829a7e0654911!2sCoacep+-+La+Hormiga!5e0!3m2!1ses-419!2sco!4v1534994732013\" width=\"400\" height=\"300\" frameborder=\"0\" allowfullscreen=\"allowfullscreen\"><\/iframe><\/div><\/div><\/div><\/p><\/div>\n\t\t\t\t\t\t\t<\/div>\n\t\t<\/div>\n\t\t\t\t<\/div>\n\t\t\t\t<\/div>\n\t\t\t\t\t<\/div>\n\t\t<\/div>\n\t\t\t\t\t\t\t<\/div>\n\t\t<\/section>\n\t\t\t\t\t\t<\/div>\n\t\t\t\t\t<\/div>\n\t\t","protected":false},"excerpt":{"rendered":"<p>Oficina Principal\u00a0: Mocoa Calle 7 # 4 \u2013 13, Barrio Jos\u00e9 Mar\u00eda Hern\u00e1ndez.Mocoa Putumayo. ColombiaCorreo : secretaria@coacep.com.co Puerto As\u00eds La Hormiga Puerto Guzman Sibundoy Orito Puerto As\u00eds Puerto As\u00eds Carrera 19 # 11 \u2013 45. B. Las Am\u00e9ricas Tel : +57 8 422 8968 La Hormiga La Hormiga Calle 7 No. 6 \u2013 69, B. &#8230; <a title=\"Oficinas\" class=\"read-more\" href=\"https:\/\/coacep.com.co\/?page_id=156\" aria-label=\"Leer m\u00e1s sobre Oficinas\">Leer m\u00e1s<\/a><\/p>\n","protected":false},"author":1,"featured_media":0,"parent":0,"menu_order":0,"comment_status":"closed","ping_status":"closed","template":"","meta":[],"_links":{"self":[{"href":"https:\/\/coacep.com.co\/index.php?rest_route=\/wp\/v2\/pages\/156"}],"collection":[{"href":"https:\/\/coacep.com.co\/index.php?rest_route=\/wp\/v2\/pages"}],"about":[{"href":"https:\/\/coacep.com.co\/index.php?rest_route=\/wp\/v2\/types\/page"}],"author":[{"embeddable":true,"href":"https:\/\/coacep.com.co\/index.php?rest_route=\/wp\/v2\/users\/1"}],"replies":[{"embeddable":true,"href":"https:\/\/coacep.com.co\/index.php?rest_route=%2Fwp%2Fv2%2Fcomments&post=156"}],"version-history":[{"count":28,"href":"https:\/\/coacep.com.co\/index.php?rest_route=\/wp\/v2\/pages\/156\/revisions"}],"predecessor-version":[{"id":1481,"href":"https:\/\/coacep.com.co\/index.php?rest_route=\/wp\/v2\/pages\/156\/revisions\/1481"}],"wp:attachment":[{"href":"https:\/\/coacep.com.co\/index.php?rest_route=%2Fwp%2Fv2%2Fmedia&parent=156"}],"curies":[{"name":"wp","href":"https:\/\/api.w.org\/{rel}","templated":true}]}}