{"id":1048,"date":"2020-06-29T14:43:21","date_gmt":"2020-06-29T19:43:21","guid":{"rendered":"https:\/\/coacep.com.co\/?post_type=product&#038;p=1048"},"modified":"2020-06-29T14:43:21","modified_gmt":"2020-06-29T19:43:21","slug":"microfono-kalley-profecional-k-mi60nm","status":"publish","type":"product","link":"https:\/\/coacep.com.co\/?product=microfono-kalley-profecional-k-mi60nm","title":{"rendered":"Microfono KALLEY profecional k-mi60nm"},"content":{"rendered":"<ul>\n<li>Gran rango de frecuencia para utilizar tu micr\u00f3fono Kalley de manera inal\u00e1mbrica<\/li>\n<li>Indicador de bater\u00eda<\/li>\n<li>Alta calidad de recepci\u00f3n en el sensor del micr\u00f3fono<\/li>\n<li>Distancia ideal en espacios abiertos: 40mt<\/li>\n<li>Bater\u00eda 2xAA<\/li>\n<\/ul>\n","protected":false},"excerpt":{"rendered":"<p>Gran rango de frecuencia para utilizar tu micr\u00f3fono Kalley de manera inal\u00e1mbrica Indicador de bater\u00eda Alta calidad de recepci\u00f3n en el sensor del micr\u00f3fono Distancia ideal en espacios abiertos: 40mt Bater\u00eda 2xAA<\/p>\n","protected":false},"featured_media":1049,"template":"","meta":[],"product_cat":[21],"product_tag":[],"_links":{"self":[{"href":"https:\/\/coacep.com.co\/index.php?rest_route=\/wp\/v2\/product\/1048"}],"collection":[{"href":"https:\/\/coacep.com.co\/index.php?rest_route=\/wp\/v2\/product"}],"about":[{"href":"https:\/\/coacep.com.co\/index.php?rest_route=\/wp\/v2\/types\/product"}],"version-history":[{"count":0,"href":"https:\/\/coacep.com.co\/index.php?rest_route=\/wp\/v2\/product\/1048\/revisions"}],"wp:featuredmedia":[{"embeddable":true,"href":"https:\/\/coacep.com.co\/index.php?rest_route=\/wp\/v2\/media\/1049"}],"wp:attachment":[{"href":"https:\/\/coacep.com.co\/index.php?rest_route=%2Fwp%2Fv2%2Fmedia&parent=1048"}],"wp:term":[{"taxonomy":"product_cat","embeddable":true,"href":"https:\/\/coacep.com.co\/index.php?rest_route=%2Fwp%2Fv2%2Fproduct_cat&post=1048"},{"taxonomy":"product_tag","embeddable":true,"href":"https:\/\/coacep.com.co\/index.php?rest_route=%2Fwp%2Fv2%2Fproduct_tag&post=1048"}],"curies":[{"name":"wp","href":"https:\/\/api.w.org\/{rel}","templated":true}]}}