{"id":1157,"date":"2020-07-07T10:36:03","date_gmt":"2020-07-07T15:36:03","guid":{"rendered":"https:\/\/coacep.com.co\/?post_type=product&#038;p=1157"},"modified":"2020-07-07T10:36:03","modified_gmt":"2020-07-07T15:36:03","slug":"parlante-kalley-spk30b-led","status":"publish","type":"product","link":"https:\/\/coacep.com.co\/?product=parlante-kalley-spk30b-led","title":{"rendered":"Parlante KALLEY spk30b Led"},"content":{"rendered":"<ul>\n<li>Tiene una potencia de salida de 30W<\/li>\n<li>Controla las caracter\u00edsticas que ofrece el sistema: los bajos, los brillos, el efecto ECO y el volumen con las perillas individuales para personalizar, seg\u00fan tu preferencia<\/li>\n<li>Conectividad Bluetooth, transmite m\u00fasica desde tu tel\u00e9fono<\/li>\n<li>Luces LED, ambienta los sonidos con bajo consumo energ\u00e9tico<\/li>\n<\/ul>\n","protected":false},"excerpt":{"rendered":"<p>Tiene una potencia de salida de 30W Controla las caracter\u00edsticas que ofrece el sistema: los bajos, los brillos, el efecto ECO y el volumen con las perillas individuales para personalizar, seg\u00fan tu preferencia Conectividad Bluetooth, transmite m\u00fasica desde tu tel\u00e9fono Luces LED, ambienta los sonidos con bajo consumo energ\u00e9tico<\/p>\n","protected":false},"featured_media":1158,"template":"","meta":[],"product_cat":[21],"product_tag":[],"_links":{"self":[{"href":"https:\/\/coacep.com.co\/index.php?rest_route=\/wp\/v2\/product\/1157"}],"collection":[{"href":"https:\/\/coacep.com.co\/index.php?rest_route=\/wp\/v2\/product"}],"about":[{"href":"https:\/\/coacep.com.co\/index.php?rest_route=\/wp\/v2\/types\/product"}],"version-history":[{"count":0,"href":"https:\/\/coacep.com.co\/index.php?rest_route=\/wp\/v2\/product\/1157\/revisions"}],"wp:featuredmedia":[{"embeddable":true,"href":"https:\/\/coacep.com.co\/index.php?rest_route=\/wp\/v2\/media\/1158"}],"wp:attachment":[{"href":"https:\/\/coacep.com.co\/index.php?rest_route=%2Fwp%2Fv2%2Fmedia&parent=1157"}],"wp:term":[{"taxonomy":"product_cat","embeddable":true,"href":"https:\/\/coacep.com.co\/index.php?rest_route=%2Fwp%2Fv2%2Fproduct_cat&post=1157"},{"taxonomy":"product_tag","embeddable":true,"href":"https:\/\/coacep.com.co\/index.php?rest_route=%2Fwp%2Fv2%2Fproduct_tag&post=1157"}],"curies":[{"name":"wp","href":"https:\/\/api.w.org\/{rel}","templated":true}]}}