{"id":1180,"date":"2020-07-07T10:36:03","date_gmt":"2020-07-07T15:36:03","guid":{"rendered":"https:\/\/coacep.com.co\/?post_type=product&#038;p=1180"},"modified":"2020-07-07T10:36:03","modified_gmt":"2020-07-07T15:36:03","slug":"plancha-para-cabello-gama-xwide-keratina","status":"publish","type":"product","link":"https:\/\/coacep.com.co\/?product=plancha-para-cabello-gama-xwide-keratina","title":{"rendered":"Plancha para cabello GAMA xwide keratina"},"content":{"rendered":"<ul>\n<li>TAMA\u00d1O WIDE-Los patines anchos permiten planchas mayor cantidad de cabello en una pasada.<\/li>\n<li>DISPLAY DIGITAL Gracias al Display Digital, puedes elegir la temperatura ideal para cada tipo de cabello.<\/li>\n<li>CONTROL DE TEMPERATURA- Permite graduar la temperatura de uso en funci\u00f3n del tipo de cabello<\/li>\n<li>VOLTAJE AUTOM\u00c1TICO -Con esta tecnolog\u00eda las planchas se adaptan de forma autom\u00e1tica al voltaje correspondiente seg\u00fan el pa\u00eds (110v-220v). Es ideal para viajeros.<\/li>\n<li>CABLE ROTATIVO-El giro del cable de 360\u00b0 permite moverse libremente, evitando cualquier enredo posible del cable durante el uso.<\/li>\n<\/ul>\n","protected":false},"excerpt":{"rendered":"<p>TAMA\u00d1O WIDE-Los patines anchos permiten planchas mayor cantidad de cabello en una pasada. DISPLAY DIGITAL Gracias al Display Digital, puedes elegir la temperatura ideal para cada tipo de cabello. CONTROL DE TEMPERATURA- Permite graduar la temperatura de uso en funci\u00f3n del tipo de cabello VOLTAJE AUTOM\u00c1TICO -Con esta tecnolog\u00eda las planchas se adaptan de forma &#8230; <a title=\"Plancha para cabello GAMA xwide keratina\" class=\"read-more\" href=\"https:\/\/coacep.com.co\/?product=plancha-para-cabello-gama-xwide-keratina\" aria-label=\"Leer m\u00e1s sobre Plancha para cabello GAMA xwide keratina\">Leer m\u00e1s<\/a><\/p>\n","protected":false},"featured_media":1181,"template":"","meta":[],"product_cat":[21],"product_tag":[],"_links":{"self":[{"href":"https:\/\/coacep.com.co\/index.php?rest_route=\/wp\/v2\/product\/1180"}],"collection":[{"href":"https:\/\/coacep.com.co\/index.php?rest_route=\/wp\/v2\/product"}],"about":[{"href":"https:\/\/coacep.com.co\/index.php?rest_route=\/wp\/v2\/types\/product"}],"version-history":[{"count":0,"href":"https:\/\/coacep.com.co\/index.php?rest_route=\/wp\/v2\/product\/1180\/revisions"}],"wp:featuredmedia":[{"embeddable":true,"href":"https:\/\/coacep.com.co\/index.php?rest_route=\/wp\/v2\/media\/1181"}],"wp:attachment":[{"href":"https:\/\/coacep.com.co\/index.php?rest_route=%2Fwp%2Fv2%2Fmedia&parent=1180"}],"wp:term":[{"taxonomy":"product_cat","embeddable":true,"href":"https:\/\/coacep.com.co\/index.php?rest_route=%2Fwp%2Fv2%2Fproduct_cat&post=1180"},{"taxonomy":"product_tag","embeddable":true,"href":"https:\/\/coacep.com.co\/index.php?rest_route=%2Fwp%2Fv2%2Fproduct_tag&post=1180"}],"curies":[{"name":"wp","href":"https:\/\/api.w.org\/{rel}","templated":true}]}}