{"id":527,"date":"2020-05-20T22:50:42","date_gmt":"2020-05-21T03:50:42","guid":{"rendered":"https:\/\/coacep.com.co\/?post_type=product&#038;p=527"},"modified":"2020-06-16T21:46:33","modified_gmt":"2020-06-17T02:46:33","slug":"estufa-abba-ag101-ht51meegp-negra","status":"publish","type":"product","link":"https:\/\/coacep.com.co\/?product=estufa-abba-ag101-ht51meegp-negra","title":{"rendered":"Estufa ABBA AG101 HT51MEEGP Negra"},"content":{"rendered":"<p>Caracter\u00edsticas<\/p>\n<ul>\n<li>Mesa sellado en vidrio de seguridad<\/li>\n<li>Dos parrillas superiores dobles en alambr\u00f3n<\/li>\n<li>Disponible para gas natural o GLP<\/li>\n<li>Quemadores (r\u00e1pidos y 1 ultra r\u00e1pido)<\/li>\n<li>Ancho: 51 CM<\/li>\n<li>Profundidad: 59 CM<\/li>\n<\/ul>\n","protected":false},"excerpt":{"rendered":"<p>Caracter\u00edsticas Mesa sellado en vidrio de seguridad Dos parrillas superiores dobles en alambr\u00f3n Disponible para gas natural o GLP Quemadores (r\u00e1pidos y 1 ultra r\u00e1pido) Ancho: 51 CM Profundidad: 59 CM<\/p>\n","protected":false},"featured_media":531,"template":"","meta":[],"product_cat":[16],"product_tag":[],"_links":{"self":[{"href":"https:\/\/coacep.com.co\/index.php?rest_route=\/wp\/v2\/product\/527"}],"collection":[{"href":"https:\/\/coacep.com.co\/index.php?rest_route=\/wp\/v2\/product"}],"about":[{"href":"https:\/\/coacep.com.co\/index.php?rest_route=\/wp\/v2\/types\/product"}],"version-history":[{"count":0,"href":"https:\/\/coacep.com.co\/index.php?rest_route=\/wp\/v2\/product\/527\/revisions"}],"wp:featuredmedia":[{"embeddable":true,"href":"https:\/\/coacep.com.co\/index.php?rest_route=\/wp\/v2\/media\/531"}],"wp:attachment":[{"href":"https:\/\/coacep.com.co\/index.php?rest_route=%2Fwp%2Fv2%2Fmedia&parent=527"}],"wp:term":[{"taxonomy":"product_cat","embeddable":true,"href":"https:\/\/coacep.com.co\/index.php?rest_route=%2Fwp%2Fv2%2Fproduct_cat&post=527"},{"taxonomy":"product_tag","embeddable":true,"href":"https:\/\/coacep.com.co\/index.php?rest_route=%2Fwp%2Fv2%2Fproduct_tag&post=527"}],"curies":[{"name":"wp","href":"https:\/\/api.w.org\/{rel}","templated":true}]}}