{"id":552,"date":"2020-05-21T15:08:11","date_gmt":"2020-05-21T20:08:11","guid":{"rendered":"https:\/\/coacep.com.co\/?post_type=product&#038;p=552"},"modified":"2020-06-16T21:45:43","modified_gmt":"2020-06-17T02:45:43","slug":"parlante-kalley-spk30b-led-30w","status":"publish","type":"product","link":"https:\/\/coacep.com.co\/?product=parlante-kalley-spk30b-led-30w","title":{"rendered":"Parlante Kalley SPK30B LED 30W"},"content":{"rendered":"<p>Caracter\u00edsticas<\/p>\n<ul>\n<li>Potencia 30WRMS\/300WPMPO para amplificar tu audio y m\u00fasica. Ideal para eventos<\/li>\n<li>Luz LED que cambia de colores (7 variaciones de color)<\/li>\n<li>Duraci\u00f3n de bater\u00eda 10 horas en su m\u00e1xima exigencia. Sonido m\u00e1s homog\u00e9neo y de mayor calidad.<\/li>\n<li>Incluye control remoto<\/li>\n<li>Conectividad Bluetooth, transmite m\u00fasica desde tu tel\u00e9fono<\/li>\n<\/ul>\n","protected":false},"excerpt":{"rendered":"<p>Caracter\u00edsticas Potencia 30WRMS\/300WPMPO para amplificar tu audio y m\u00fasica. Ideal para eventos Luz LED que cambia de colores (7 variaciones de color) Duraci\u00f3n de bater\u00eda 10 horas en su m\u00e1xima exigencia. Sonido m\u00e1s homog\u00e9neo y de mayor calidad. Incluye control remoto Conectividad Bluetooth, transmite m\u00fasica desde tu tel\u00e9fono<\/p>\n","protected":false},"featured_media":553,"template":"","meta":[],"product_cat":[21],"product_tag":[],"_links":{"self":[{"href":"https:\/\/coacep.com.co\/index.php?rest_route=\/wp\/v2\/product\/552"}],"collection":[{"href":"https:\/\/coacep.com.co\/index.php?rest_route=\/wp\/v2\/product"}],"about":[{"href":"https:\/\/coacep.com.co\/index.php?rest_route=\/wp\/v2\/types\/product"}],"version-history":[{"count":1,"href":"https:\/\/coacep.com.co\/index.php?rest_route=\/wp\/v2\/product\/552\/revisions"}],"predecessor-version":[{"id":558,"href":"https:\/\/coacep.com.co\/index.php?rest_route=\/wp\/v2\/product\/552\/revisions\/558"}],"wp:featuredmedia":[{"embeddable":true,"href":"https:\/\/coacep.com.co\/index.php?rest_route=\/wp\/v2\/media\/553"}],"wp:attachment":[{"href":"https:\/\/coacep.com.co\/index.php?rest_route=%2Fwp%2Fv2%2Fmedia&parent=552"}],"wp:term":[{"taxonomy":"product_cat","embeddable":true,"href":"https:\/\/coacep.com.co\/index.php?rest_route=%2Fwp%2Fv2%2Fproduct_cat&post=552"},{"taxonomy":"product_tag","embeddable":true,"href":"https:\/\/coacep.com.co\/index.php?rest_route=%2Fwp%2Fv2%2Fproduct_tag&post=552"}],"curies":[{"name":"wp","href":"https:\/\/api.w.org\/{rel}","templated":true}]}}