{"id":789,"date":"2020-06-18T10:38:46","date_gmt":"2020-06-18T15:38:46","guid":{"rendered":"https:\/\/coacep.com.co\/?post_type=product&#038;p=789"},"modified":"2020-06-18T10:38:46","modified_gmt":"2020-06-18T15:38:46","slug":"vajilla-corona-4-16-majestic","status":"publish","type":"product","link":"https:\/\/coacep.com.co\/?product=vajilla-corona-4-16-majestic","title":{"rendered":"Vajilla CORONA 4\/16 majestic"},"content":{"rendered":"<ul>\n<li>Producto 100% Colombiano<\/li>\n<li>Apto para microondas y lavaplatos<\/li>\n<li>No es perjudicial para la salud (cumple con las normas de plomo y cadmio)<\/li>\n<li>En esta vajilla, los dibujos bot\u00e1nicos y de aves son lo m\u00e1s importante. Destaca en gran detalle este motivo que alude a una ilustraci\u00f3n cient\u00edfica de otros tiempos. El fondo blanco de cada pieza contribuye a acentuarla y el borde dorado a dar el toque de sofisticaci\u00f3n<\/li>\n<\/ul>\n","protected":false},"excerpt":{"rendered":"<p>Producto 100% Colombiano Apto para microondas y lavaplatos No es perjudicial para la salud (cumple con las normas de plomo y cadmio) En esta vajilla, los dibujos bot\u00e1nicos y de aves son lo m\u00e1s importante. Destaca en gran detalle este motivo que alude a una ilustraci\u00f3n cient\u00edfica de otros tiempos. El fondo blanco de cada &#8230; <a title=\"Vajilla CORONA 4\/16 majestic\" class=\"read-more\" href=\"https:\/\/coacep.com.co\/?product=vajilla-corona-4-16-majestic\" aria-label=\"Leer m\u00e1s sobre Vajilla CORONA 4\/16 majestic\">Leer m\u00e1s<\/a><\/p>\n","protected":false},"featured_media":790,"template":"","meta":[],"product_cat":[21],"product_tag":[],"_links":{"self":[{"href":"https:\/\/coacep.com.co\/index.php?rest_route=\/wp\/v2\/product\/789"}],"collection":[{"href":"https:\/\/coacep.com.co\/index.php?rest_route=\/wp\/v2\/product"}],"about":[{"href":"https:\/\/coacep.com.co\/index.php?rest_route=\/wp\/v2\/types\/product"}],"version-history":[{"count":0,"href":"https:\/\/coacep.com.co\/index.php?rest_route=\/wp\/v2\/product\/789\/revisions"}],"wp:featuredmedia":[{"embeddable":true,"href":"https:\/\/coacep.com.co\/index.php?rest_route=\/wp\/v2\/media\/790"}],"wp:attachment":[{"href":"https:\/\/coacep.com.co\/index.php?rest_route=%2Fwp%2Fv2%2Fmedia&parent=789"}],"wp:term":[{"taxonomy":"product_cat","embeddable":true,"href":"https:\/\/coacep.com.co\/index.php?rest_route=%2Fwp%2Fv2%2Fproduct_cat&post=789"},{"taxonomy":"product_tag","embeddable":true,"href":"https:\/\/coacep.com.co\/index.php?rest_route=%2Fwp%2Fv2%2Fproduct_tag&post=789"}],"curies":[{"name":"wp","href":"https:\/\/api.w.org\/{rel}","templated":true}]}}