{"id":852,"date":"2020-06-18T10:38:25","date_gmt":"2020-06-18T15:38:25","guid":{"rendered":"https:\/\/coacep.com.co\/?post_type=product&#038;p=852"},"modified":"2020-06-18T10:38:25","modified_gmt":"2020-06-18T15:38:25","slug":"chocolatera-haceb-2","status":"publish","type":"product","link":"https:\/\/coacep.com.co\/?product=chocolatera-haceb-2","title":{"rendered":"Chocolatera HACEB"},"content":{"rendered":"<ul>\n<li>Cuenta con un dise\u00f1o de elegancia y distinci\u00f3n a tu cocina<\/li>\n<li>El Chocolate ideal en dos simples pasos: Pas\u00f3 1, Agrega los ingredientes. Pas\u00f3 2, Oprime el bot\u00f3n<\/li>\n<li>Material: Met\u00e1lico recubierto en tefl\u00f3n<\/li>\n<li>Capacidad: 3 tazas<\/li>\n<li>Sistema: El\u00e9ctrico<\/li>\n<li>Capacidad: 350 ml<\/li>\n<li>Voltaje: 120 V<\/li>\n<li>Potencia el\u00e9ctrica total (W):600 W<\/li>\n<li>Dimensiones: Alto: 22 cm x Ancho: 12 cm x Profundo: 12 c<\/li>\n<\/ul>\n","protected":false},"excerpt":{"rendered":"<p>Cuenta con un dise\u00f1o de elegancia y distinci\u00f3n a tu cocina El Chocolate ideal en dos simples pasos: Pas\u00f3 1, Agrega los ingredientes. Pas\u00f3 2, Oprime el bot\u00f3n Material: Met\u00e1lico recubierto en tefl\u00f3n Capacidad: 3 tazas Sistema: El\u00e9ctrico Capacidad: 350 ml Voltaje: 120 V Potencia el\u00e9ctrica total (W):600 W Dimensiones: Alto: 22 cm x Ancho: &#8230; <a title=\"Chocolatera HACEB\" class=\"read-more\" href=\"https:\/\/coacep.com.co\/?product=chocolatera-haceb-2\" aria-label=\"Leer m\u00e1s sobre Chocolatera HACEB\">Leer m\u00e1s<\/a><\/p>\n","protected":false},"featured_media":853,"template":"","meta":[],"product_cat":[21],"product_tag":[],"_links":{"self":[{"href":"https:\/\/coacep.com.co\/index.php?rest_route=\/wp\/v2\/product\/852"}],"collection":[{"href":"https:\/\/coacep.com.co\/index.php?rest_route=\/wp\/v2\/product"}],"about":[{"href":"https:\/\/coacep.com.co\/index.php?rest_route=\/wp\/v2\/types\/product"}],"version-history":[{"count":0,"href":"https:\/\/coacep.com.co\/index.php?rest_route=\/wp\/v2\/product\/852\/revisions"}],"wp:featuredmedia":[{"embeddable":true,"href":"https:\/\/coacep.com.co\/index.php?rest_route=\/wp\/v2\/media\/853"}],"wp:attachment":[{"href":"https:\/\/coacep.com.co\/index.php?rest_route=%2Fwp%2Fv2%2Fmedia&parent=852"}],"wp:term":[{"taxonomy":"product_cat","embeddable":true,"href":"https:\/\/coacep.com.co\/index.php?rest_route=%2Fwp%2Fv2%2Fproduct_cat&post=852"},{"taxonomy":"product_tag","embeddable":true,"href":"https:\/\/coacep.com.co\/index.php?rest_route=%2Fwp%2Fv2%2Fproduct_tag&post=852"}],"curies":[{"name":"wp","href":"https:\/\/api.w.org\/{rel}","templated":true}]}}