{"id":856,"date":"2020-06-18T10:38:25","date_gmt":"2020-06-18T15:38:25","guid":{"rendered":"https:\/\/coacep.com.co\/?post_type=product&#038;p=856"},"modified":"2020-06-18T10:38:25","modified_gmt":"2020-06-18T15:38:25","slug":"computador-portatil-15-6-acer-57dy-ci5-negro-gamer","status":"publish","type":"product","link":"https:\/\/coacep.com.co\/?product=computador-portatil-15-6-acer-57dy-ci5-negro-gamer","title":{"rendered":"Computador port\u00e1til 15.6 ACER 57dy Ci5 negro Gamer"},"content":{"rendered":"<ul>\n<li>Tecnolog\u00eda WiFi 5, Navega 3 veces m\u00e1s r\u00e1pido<\/li>\n<li>Acer Coolboost, velocidad extrema de ventilaci\u00f3n<\/li>\n<li>Pantalla IPS, mayor calidad de imagen y definici\u00f3n de color<\/li>\n<li>Tecnolog\u00eda TrueHarmony Acer, ofrece audio realista y claro<\/li>\n<\/ul>\n","protected":false},"excerpt":{"rendered":"<p>Tecnolog\u00eda WiFi 5, Navega 3 veces m\u00e1s r\u00e1pido Acer Coolboost, velocidad extrema de ventilaci\u00f3n Pantalla IPS, mayor calidad de imagen y definici\u00f3n de color Tecnolog\u00eda TrueHarmony Acer, ofrece audio realista y claro<\/p>\n","protected":false},"featured_media":857,"template":"","meta":[],"product_cat":[21],"product_tag":[],"_links":{"self":[{"href":"https:\/\/coacep.com.co\/index.php?rest_route=\/wp\/v2\/product\/856"}],"collection":[{"href":"https:\/\/coacep.com.co\/index.php?rest_route=\/wp\/v2\/product"}],"about":[{"href":"https:\/\/coacep.com.co\/index.php?rest_route=\/wp\/v2\/types\/product"}],"version-history":[{"count":0,"href":"https:\/\/coacep.com.co\/index.php?rest_route=\/wp\/v2\/product\/856\/revisions"}],"wp:featuredmedia":[{"embeddable":true,"href":"https:\/\/coacep.com.co\/index.php?rest_route=\/wp\/v2\/media\/857"}],"wp:attachment":[{"href":"https:\/\/coacep.com.co\/index.php?rest_route=%2Fwp%2Fv2%2Fmedia&parent=856"}],"wp:term":[{"taxonomy":"product_cat","embeddable":true,"href":"https:\/\/coacep.com.co\/index.php?rest_route=%2Fwp%2Fv2%2Fproduct_cat&post=856"},{"taxonomy":"product_tag","embeddable":true,"href":"https:\/\/coacep.com.co\/index.php?rest_route=%2Fwp%2Fv2%2Fproduct_tag&post=856"}],"curies":[{"name":"wp","href":"https:\/\/api.w.org\/{rel}","templated":true}]}}