{"id":861,"date":"2020-06-18T10:38:25","date_gmt":"2020-06-18T15:38:25","guid":{"rendered":"https:\/\/coacep.com.co\/?post_type=product&#038;p=861"},"modified":"2020-06-18T10:38:25","modified_gmt":"2020-06-18T15:38:25","slug":"congelador-jlc-249lt-horiz-1p","status":"publish","type":"product","link":"https:\/\/coacep.com.co\/?product=congelador-jlc-249lt-horiz-1p","title":{"rendered":"Congelador JLC 249lt\/horiz\/1p"},"content":{"rendered":"<ul>\n<li>Climate ST<\/li>\n<li>Gas R600a<\/li>\n<li>Energy Class Energy A+\/MEPS\/SASO.<\/li>\n<li>Volumen Neto 249Lt<\/li>\n<li>Descongelaci\u00f3n Manual<\/li>\n<li>Termostato Ajustable<\/li>\n<li>Interior F\u00e1cil de limpiar<\/li>\n<li>Canasta extra\u00edble de junta desmontable<\/li>\n<li>Manija Empotrada<\/li>\n<\/ul>\n","protected":false},"excerpt":{"rendered":"<p>Climate ST Gas R600a Energy Class Energy A+\/MEPS\/SASO. Volumen Neto 249Lt Descongelaci\u00f3n Manual Termostato Ajustable Interior F\u00e1cil de limpiar Canasta extra\u00edble de junta desmontable Manija Empotrada<\/p>\n","protected":false},"featured_media":862,"template":"","meta":[],"product_cat":[21],"product_tag":[],"_links":{"self":[{"href":"https:\/\/coacep.com.co\/index.php?rest_route=\/wp\/v2\/product\/861"}],"collection":[{"href":"https:\/\/coacep.com.co\/index.php?rest_route=\/wp\/v2\/product"}],"about":[{"href":"https:\/\/coacep.com.co\/index.php?rest_route=\/wp\/v2\/types\/product"}],"version-history":[{"count":0,"href":"https:\/\/coacep.com.co\/index.php?rest_route=\/wp\/v2\/product\/861\/revisions"}],"wp:featuredmedia":[{"embeddable":true,"href":"https:\/\/coacep.com.co\/index.php?rest_route=\/wp\/v2\/media\/862"}],"wp:attachment":[{"href":"https:\/\/coacep.com.co\/index.php?rest_route=%2Fwp%2Fv2%2Fmedia&parent=861"}],"wp:term":[{"taxonomy":"product_cat","embeddable":true,"href":"https:\/\/coacep.com.co\/index.php?rest_route=%2Fwp%2Fv2%2Fproduct_cat&post=861"},{"taxonomy":"product_tag","embeddable":true,"href":"https:\/\/coacep.com.co\/index.php?rest_route=%2Fwp%2Fv2%2Fproduct_tag&post=861"}],"curies":[{"name":"wp","href":"https:\/\/api.w.org\/{rel}","templated":true}]}}