{"id":878,"date":"2020-06-18T10:38:25","date_gmt":"2020-06-18T15:38:25","guid":{"rendered":"https:\/\/coacep.com.co\/?post_type=product&#038;p=878"},"modified":"2020-06-18T10:38:25","modified_gmt":"2020-06-18T15:38:25","slug":"dispensador-agua-kalley-g-k-wd15c","status":"publish","type":"product","link":"https:\/\/coacep.com.co\/?product=dispensador-agua-kalley-g-k-wd15c","title":{"rendered":"Dispensador agua KALLEY g k-wd15c"},"content":{"rendered":"<ul>\n<li>Medidas: 27 x 32 x 85 cm<\/li>\n<li>Este dispensador de la l\u00ednea blanca de Kalley te da la posibilidad de tener disponible agua para tus bebidas calientes o fr\u00edas, seg\u00fan sea el caso<\/li>\n<li>Permite alcanzar el nivel de temperatura por la acci\u00f3n eficiente de su potencia diferenciada: 430W para calentar y 80W usados para el enfriamiento que se obtiene gracias al sistema de compresor y el gas refrigerante con caracter\u00edsticas amigables con el medio ambiente<\/li>\n<\/ul>\n","protected":false},"excerpt":{"rendered":"<p>Medidas: 27 x 32 x 85 cm Este dispensador de la l\u00ednea blanca de Kalley te da la posibilidad de tener disponible agua para tus bebidas calientes o fr\u00edas, seg\u00fan sea el caso Permite alcanzar el nivel de temperatura por la acci\u00f3n eficiente de su potencia diferenciada: 430W para calentar y 80W usados para el &#8230; <a title=\"Dispensador agua KALLEY g k-wd15c\" class=\"read-more\" href=\"https:\/\/coacep.com.co\/?product=dispensador-agua-kalley-g-k-wd15c\" aria-label=\"Leer m\u00e1s sobre Dispensador agua KALLEY g k-wd15c\">Leer m\u00e1s<\/a><\/p>\n","protected":false},"featured_media":879,"template":"","meta":[],"product_cat":[21],"product_tag":[],"_links":{"self":[{"href":"https:\/\/coacep.com.co\/index.php?rest_route=\/wp\/v2\/product\/878"}],"collection":[{"href":"https:\/\/coacep.com.co\/index.php?rest_route=\/wp\/v2\/product"}],"about":[{"href":"https:\/\/coacep.com.co\/index.php?rest_route=\/wp\/v2\/types\/product"}],"version-history":[{"count":0,"href":"https:\/\/coacep.com.co\/index.php?rest_route=\/wp\/v2\/product\/878\/revisions"}],"wp:featuredmedia":[{"embeddable":true,"href":"https:\/\/coacep.com.co\/index.php?rest_route=\/wp\/v2\/media\/879"}],"wp:attachment":[{"href":"https:\/\/coacep.com.co\/index.php?rest_route=%2Fwp%2Fv2%2Fmedia&parent=878"}],"wp:term":[{"taxonomy":"product_cat","embeddable":true,"href":"https:\/\/coacep.com.co\/index.php?rest_route=%2Fwp%2Fv2%2Fproduct_cat&post=878"},{"taxonomy":"product_tag","embeddable":true,"href":"https:\/\/coacep.com.co\/index.php?rest_route=%2Fwp%2Fv2%2Fproduct_tag&post=878"}],"curies":[{"name":"wp","href":"https:\/\/api.w.org\/{rel}","templated":true}]}}