{"id":968,"date":"2020-06-29T14:43:39","date_gmt":"2020-06-29T19:43:39","guid":{"rendered":"https:\/\/coacep.com.co\/?post_type=product&#038;p=968"},"modified":"2020-06-29T14:43:39","modified_gmt":"2020-06-29T19:43:39","slug":"impresora-canon-g1110-hg","status":"publish","type":"product","link":"https:\/\/coacep.com.co\/?product=impresora-canon-g1110-hg","title":{"rendered":"Impresora CANON G1110 hg"},"content":{"rendered":"<ul>\n<li>Velocidad de Impresi\u00f3n: 8.8ipm &#8211; 5.0ipm<\/li>\n<li>Resoluci\u00f3n impresi\u00f3n: 4800dpi<\/li>\n<li>Conectividad: USB<\/li>\n<li>Numero Cartuchos: 4<\/li>\n<\/ul>\n","protected":false},"excerpt":{"rendered":"<p>Velocidad de Impresi\u00f3n: 8.8ipm &#8211; 5.0ipm Resoluci\u00f3n impresi\u00f3n: 4800dpi Conectividad: USB Numero Cartuchos: 4<\/p>\n","protected":false},"featured_media":969,"template":"","meta":[],"product_cat":[21],"product_tag":[],"_links":{"self":[{"href":"https:\/\/coacep.com.co\/index.php?rest_route=\/wp\/v2\/product\/968"}],"collection":[{"href":"https:\/\/coacep.com.co\/index.php?rest_route=\/wp\/v2\/product"}],"about":[{"href":"https:\/\/coacep.com.co\/index.php?rest_route=\/wp\/v2\/types\/product"}],"version-history":[{"count":0,"href":"https:\/\/coacep.com.co\/index.php?rest_route=\/wp\/v2\/product\/968\/revisions"}],"wp:featuredmedia":[{"embeddable":true,"href":"https:\/\/coacep.com.co\/index.php?rest_route=\/wp\/v2\/media\/969"}],"wp:attachment":[{"href":"https:\/\/coacep.com.co\/index.php?rest_route=%2Fwp%2Fv2%2Fmedia&parent=968"}],"wp:term":[{"taxonomy":"product_cat","embeddable":true,"href":"https:\/\/coacep.com.co\/index.php?rest_route=%2Fwp%2Fv2%2Fproduct_cat&post=968"},{"taxonomy":"product_tag","embeddable":true,"href":"https:\/\/coacep.com.co\/index.php?rest_route=%2Fwp%2Fv2%2Fproduct_tag&post=968"}],"curies":[{"name":"wp","href":"https:\/\/api.w.org\/{rel}","templated":true}]}}