{"id":976,"date":"2020-06-29T14:43:39","date_gmt":"2020-06-29T19:43:39","guid":{"rendered":"https:\/\/coacep.com.co\/?post_type=product&#038;p=976"},"modified":"2020-06-29T14:43:39","modified_gmt":"2020-06-29T19:43:39","slug":"impresora-canon-multifuncional-g4111-h-of","status":"publish","type":"product","link":"https:\/\/coacep.com.co\/?product=impresora-canon-multifuncional-g4111-h-of","title":{"rendered":"Impresora CANON multifuncional g4111 h-of"},"content":{"rendered":"<ul>\n<li>Funci\u00f3n: imprime, copia y escanea<\/li>\n<li>Velocidad de Impresi\u00f3n: 8.8 ipm &#8211; 24 Seg<\/li>\n<li>Resoluci\u00f3n impresi\u00f3n: 4800 x 1200 dpi<\/li>\n<li>Resoluci\u00f3n esc\u00e1ner: 600 x 1200 dpi<\/li>\n<li>Conectividad: USB-WIFI<\/li>\n<\/ul>\n","protected":false},"excerpt":{"rendered":"<p>Funci\u00f3n: imprime, copia y escanea Velocidad de Impresi\u00f3n: 8.8 ipm &#8211; 24 Seg Resoluci\u00f3n impresi\u00f3n: 4800 x 1200 dpi Resoluci\u00f3n esc\u00e1ner: 600 x 1200 dpi Conectividad: USB-WIFI<\/p>\n","protected":false},"featured_media":977,"template":"","meta":[],"product_cat":[21],"product_tag":[],"_links":{"self":[{"href":"https:\/\/coacep.com.co\/index.php?rest_route=\/wp\/v2\/product\/976"}],"collection":[{"href":"https:\/\/coacep.com.co\/index.php?rest_route=\/wp\/v2\/product"}],"about":[{"href":"https:\/\/coacep.com.co\/index.php?rest_route=\/wp\/v2\/types\/product"}],"version-history":[{"count":0,"href":"https:\/\/coacep.com.co\/index.php?rest_route=\/wp\/v2\/product\/976\/revisions"}],"wp:featuredmedia":[{"embeddable":true,"href":"https:\/\/coacep.com.co\/index.php?rest_route=\/wp\/v2\/media\/977"}],"wp:attachment":[{"href":"https:\/\/coacep.com.co\/index.php?rest_route=%2Fwp%2Fv2%2Fmedia&parent=976"}],"wp:term":[{"taxonomy":"product_cat","embeddable":true,"href":"https:\/\/coacep.com.co\/index.php?rest_route=%2Fwp%2Fv2%2Fproduct_cat&post=976"},{"taxonomy":"product_tag","embeddable":true,"href":"https:\/\/coacep.com.co\/index.php?rest_route=%2Fwp%2Fv2%2Fproduct_tag&post=976"}],"curies":[{"name":"wp","href":"https:\/\/api.w.org\/{rel}","templated":true}]}}